59, 107
What are the prime factors of 20533?
20533
What are the prime factors of 111937?
7, 15991
What are the prime factors of 324396?
2, 3, 9011
List the prime factors of 12298824.
2, 3, 97, 587
What are the prime factors of 2169754?
2, 37, 109, 269
List the prime factors of 128905.
5, 7, 29, 127
List the prime factors of 901942.
2, 450971
List the prime factors of 232552.
2, 41, 709
What are the prime factors of 15988091?
7, 2284013
What are the prime factors of 1157425?
5, 67, 691
List the prime factors of 2057332.
2, 514333
List the prime factors of 664841.
67, 9923
List the prime factors of 1341051.
3, 47, 9511
What are the prime factors of 2727142?
2, 11, 113, 1097
List the prime factors of 1269175.
5, 50767
What are the prime factors of 394471?
7, 11, 47, 109
What are the prime factors of 2514210?
2, 3, 5, 43, 1949
List the prime factors of 50275.
5, 2011
What are the prime factors of 15471703?
13, 29, 41039
What are the prime factors of 225306?
2, 3, 12517
What are the prime factors of 200477?
29, 31, 223
What are the prime factors of 747244?
2, 89, 2099
List the prime factors of 1674439.
13, 151, 853
What are the prime factors of 276281?
173, 1597
List the prime factors of 478775.
5, 11, 1741
List the prime factors of 5371760.
2, 5, 83, 809
What are the prime factors of 259661?
73, 3557
What are the prime factors of 219924?
2, 3, 41, 149
What are the prime factors of 881588?
2, 433, 509
List the prime factors of 4697574.
2, 3, 7, 111847
What are the prime factors of 24499358?
2, 13, 131, 7193
What are the prime factors of 5027555?
5, 13, 77347
List the prime factors of 69979.
7, 13, 769
List the prime factors of 116745.
3, 5, 43, 181
What are the prime factors of 456207?
3, 41, 3709
List the prime factors of 6059915.
5, 1211983
What are the prime factors of 22172632?
2, 2771579
What are the prime factors of 383136?
2, 3, 13, 307
What are the prime factors of 121470?
2, 3, 5, 4049
What are the prime factors of 21061809?
3, 211, 3697
What are the prime factors of 3651703?
11, 331973
What are the prime factors of 241218?
2, 3, 1489
What are the prime factors of 3854322?
2, 3, 214129
What are the prime factors of 250712?
2, 7, 11, 37
What are the prime factors of 1172147?
1172147
What are the prime factors of 770786?
2, 385393
What are the prime factors of 233900?
2, 5, 2339
What are the prime factors of 214353?
3, 17, 467
What are the prime factors of 4219679?
41, 101, 1019
List the prime factors of 80917.
80917
List the prime factors of 5249189.
11, 41, 103, 113
What are the prime factors of 59416?
2, 7, 1061
List the prime factors of 314349.
3, 7, 14969
What are the prime factors of 967909?
23, 42083
What are the prime factors of 64487?
59, 1093
List the prime factors of 5624386.
2, 2812193
What are the prime factors of 1434541?
1434541
What are the prime factors of 188730?
2, 3, 5, 233
What are the prime factors of 142826?
2, 71413
List the prime factors of 346313.
11, 19, 1657
What are the prime factors of 123305?
5, 7, 13, 271
List the prime factors of 77237.
77237
List the prime factors of 7797275.
5, 31, 10061
What are the prime factors of 3058073?
1091, 2803
What are the prime factors of 118814?
2, 59407
What are the prime factors of 8491725?
3, 5, 11, 47, 73
List the prime factors of 266542.
2, 133271
What are the prime factors of 1505522?
2, 19, 39619
List the prime factors of 2970656.
2, 13, 37, 193
What are the prime factors of 228055?
5, 17, 2683
What are the prime factors of 4817732?
2, 17, 70849
What are the prime factors of 20571183?
3, 151, 15137
What are the prime factors of 182022?
2, 3, 23, 1319
List the prime factors of 369020.
2, 5, 18451
What are the prime factors of 1095459?
3, 37, 71, 139
List the prime factors of 127466.
2, 17, 23, 163
What are the prime factors of 872454?
2, 3, 11, 13219
What are the prime factors of 6542938?
2, 79, 41411
List the prime factors of 859328.
2, 29, 463
What are the prime factors of 290198?
2, 41, 3539
What are the prime factors of 11354107?
43, 71, 3719
What are the prime factors of 381132?
2, 3, 3529
List the prime factors of 12860259.
3, 4286753
List the prime factors of 172478.
2, 86239
List the prime factors of 11192391.
3, 7, 59219
What are the prime factors of 1891784?
2, 89, 2657
List the prime factors of 12411035.
5, 7, 13, 27277
List the prime factors of 20367512.
2, 11, 23, 29, 347
List the prime factors of 638394.
2, 3, 103, 1033
What are the prime factors of 391857?
3, 130619
List the prime factors of 12383068.
2, 239, 12953
What are the prime factors of 2271706?
2, 1135853
List the prime factors of 158359.
158359
List the prime factors of 2222186.
2, 149, 7457
List the prime factors of 1701791.
7, 13, 18701
What are the prime factors of 2356869?
3, 785623
List the prime factors of 5404267.
11, 491297
What are the prime factors of 3111587?
83, 37489
What are the prime factors of 10164403?
2053, 4951
What are the prime factors of 271550?
2, 5, 5431
List the prime factors of 17368554.
2, 3, 7, 413537
What are the prime factors of 3659733?
3, 7, 11, 5281
What are the prime factors of 679995?
3, 5, 23, 73
List the prime factors of 116841.
3, 17, 29, 79
List the prime factors of 28863908.
2, 73, 98849
List the prime factors of 6963233.
6963233
List the prime factors of 558704.
2, 34919
List the prime factors of 8250034.
2, 13, 83, 3823
List the prime factors of 19631625.
3, 5, 13, 4027
List the prime factors of 11357519.
239, 47521
List the prime factors of 7797154.
2, 1231, 3167
What are the prime factors of 6214815?
3, 5, 138107
List the prime factors of 9309108.
2, 3, 139, 5581
What are the prime factors of 273145?
5, 54629
What are the prime factors of 1272391?
71, 17921
What are the prime factors of 42574?
2, 7, 3041
List the prime factors of 14177.
14177
What are the prime factors of 528381?
3, 7, 8387
What are the prime factors of 7016161?
317, 22133
List the prime factors of 1048368.
2, 3, 21841
List the prime factors of 14553127.
47, 419, 739
List the prime factors of 11829350.
2, 5, 13, 18199
List the prime factors of 1787010.
2, 3, 5, 59567
List the prime factors of 313510.
2, 5, 107, 293
What are the prime factors of 1250070?
2, 3, 5, 41669
What are the prime factors of 64667?
64667
What are the prime factors of 7730316?
2, 3, 11, 241
List the prime factors of 1005391.
1005391
What are the prime factors of 4436958?
2, 3, 739493
What are the prime factors of 698594?
2, 13, 97, 277
What are the prime factors of 4423907?
4423907
List the prime factors of 1623787.
11, 147617
What are the prime factors of 196983?
3, 43, 509
List the prime factors of 672091.
7, 96013
List the prime factors of 40879.
40879
List the prime factors of 76359.
3, 25453
What are the prime factors of 219096?
2, 3, 17, 179
List the prime factors of 8182.
2, 4091
List the prime factors of 6318405.
3, 5, 15601
List the prime factors of 506009.
7, 72287
List the prime factors of 566082.
2, 3, 11, 953
What are the prime factors of 10679923?
163, 65521
List the prime factors of 217791.
3, 7, 3457
What are the prime factors of 2078929?
2078929
What are the prime factors of 910682?
2, 455341
What are the prime factors of 7878895?
5, 233, 6763
List the prime factors of 34151.
13, 37, 71
What are the prime factors of 8763089?
2767, 3167
What are the prime factors of 99815?
5, 19963
List the prime factors of 866719.
7, 123817
List the prime factors of 703689.
3, 7, 4787
List the prime factors of 135322.
2, 11, 6151
What are the prime factors of 784184?
2, 83, 1181
List the prime factors of 504071.
457, 1103
What are the prime factors of 289806?
2, 3, 11, 4391
What are the prime factors of 747847?
17, 43991
What are the prime factors of 19354598?
2, 9677299
What are the prime factors of 603743?
7, 86249
What are the prime factors of 1046491?
43, 24337
What are the prime factors of 281229?
3, 13, 7211
What are the prime factors of 1195567?
1195567
List the prime factors of 212529.
3, 70843
What are the prime factors of 1652730?
2, 3, 5, 89, 619
List the prime factors of 678790.
2, 5, 7, 9697
What are the prime factors of 4182460?
2, 5, 209123
What are the prime factors of 15731?
15731
What are the prime factors of 4278538?
2, 11, 194479
List the prime factors of 9131826.
2, 3, 11, 83, 1667
List the 